{"version":"1.0","provider_name":"AWL","provider_url":"https:\/\/awl.nl\/de\/","author_name":"draad","author_url":"https:\/\/awl.nl\/de\/author\/draad\/","title":"AWL-Techniek plant Erweiterung in Harderwijk - AWL","type":"rich","width":600,"height":338,"html":"<blockquote class=\"wp-embedded-content\" data-secret=\"H7EKTi4edM\"><a href=\"https:\/\/awl.nl\/de\/nachricht\/awl-techniek-plant-erweiterung-in-harderwijk\/\">AWL-Techniek plant Erweiterung in Harderwijk<\/a><\/blockquote><iframe sandbox=\"allow-scripts\" security=\"restricted\" src=\"https:\/\/awl.nl\/de\/nachricht\/awl-techniek-plant-erweiterung-in-harderwijk\/embed\/#?secret=H7EKTi4edM\" width=\"600\" height=\"338\" title=\"&#8222;AWL-Techniek plant Erweiterung in Harderwijk&#8220; &#8211; AWL\" data-secret=\"H7EKTi4edM\" frameborder=\"0\" marginwidth=\"0\" marginheight=\"0\" scrolling=\"no\" class=\"wp-embedded-content\"><\/iframe><script type=\"text\/javascript\">\n\/* <![CDATA[ *\/\n\/*! This file is auto-generated *\/\n!function(d,l){\"use strict\";l.querySelector&&d.addEventListener&&\"undefined\"!=typeof URL&&(d.wp=d.wp||{},d.wp.receiveEmbedMessage||(d.wp.receiveEmbedMessage=function(e){var t=e.data;if((t||t.secret||t.message||t.value)&&!\/[^a-zA-Z0-9]\/.test(t.secret)){for(var s,r,n,a=l.querySelectorAll('iframe[data-secret=\"'+t.secret+'\"]'),o=l.querySelectorAll('blockquote[data-secret=\"'+t.secret+'\"]'),c=new RegExp(\"^https?:$\",\"i\"),i=0;i<o.length;i++)o[i].style.display=\"none\";for(i=0;i<a.length;i++)s=a[i],e.source===s.contentWindow&&(s.removeAttribute(\"style\"),\"height\"===t.message?(1e3<(r=parseInt(t.value,10))?r=1e3:~~r<200&&(r=200),s.height=r):\"link\"===t.message&&(r=new URL(s.getAttribute(\"src\")),n=new URL(t.value),c.test(n.protocol))&&n.host===r.host&&l.activeElement===s&&(d.top.location.href=t.value))}},d.addEventListener(\"message\",d.wp.receiveEmbedMessage,!1),l.addEventListener(\"DOMContentLoaded\",function(){for(var e,t,s=l.querySelectorAll(\"iframe.wp-embedded-content\"),r=0;r<s.length;r++)(t=(e=s[r]).getAttribute(\"data-secret\"))||(t=Math.random().toString(36).substring(2,12),e.src+=\"#?secret=\"+t,e.setAttribute(\"data-secret\",t)),e.contentWindow.postMessage({message:\"ready\",secret:t},\"*\")},!1)))}(window,document);\n\/\/# sourceURL=https:\/\/awl.nl\/wp-includes\/js\/wp-embed.min.js\n\/* ]]> *\/\n<\/script>\n","thumbnail_url":"https:\/\/awl.nl\/wp-content\/uploads\/2019\/11\/rsz_pieter-teeninga-and-brand-van-t_hof-right-after-signing-the-agreement.jpg","thumbnail_width":1400,"thumbnail_height":933,"description":"AWL-Techniek hat in den letzten Jahren eine bedeutende internationale Expansion durchlaufen. Neben den Niederlassungen in Tschechien, China, Mexiko und der diesj\u00e4hrigen Markteinf\u00fchrung in den USA wird der Maschinenhersteller aus der Veluwe-Region nun auch in Harderwijk weiter expandieren. AWL hat diesbez\u00fcglich eine Vereinbarung mit der Gemeinde Harderwijk \u00fcber ein beinahe 6 Hektar gro\u00dfes Baugrundst\u00fcck im Industriegebiet [&hellip;]"}

AWL-Techniek hat in den letzten Jahren eine bedeutende internationale Expansion durchlaufen. Neben den Niederlassungen in Tschechien, China, Mexiko und der diesjährigen Markteinführung in den USA wird der Maschinenhersteller aus der Veluwe-Region nun auch in Harderwijk weiter expandieren. AWL hat diesbezüglich eine Vereinbarung mit der Gemeinde Harderwijk über ein beinahe 6 Hektar großes Baugrundstück im Industriegebiet [&hellip;]
