{"version":"1.0","provider_name":"AWL","provider_url":"https:\/\/awl.nl\/de\/","author_name":"AWL","author_url":"https:\/\/awl.nl\/de\/author\/awl\/","title":"E-Mobilit\u00e4t - Die Herausforderungen beim F\u00fcgen von Batterierahmen - AWL","type":"rich","width":600,"height":338,"html":"<blockquote class=\"wp-embedded-content\" data-secret=\"Ld4UbGzSDN\"><a href=\"https:\/\/awl.nl\/de\/nachricht\/e-mobilitat-die-herausforderungen-beim-fuegen-von-batterierahmen\/\">E-Mobilit\u00e4t &#8211; Die Herausforderungen beim F\u00fcgen von Batterierahmen<\/a><\/blockquote><iframe sandbox=\"allow-scripts\" security=\"restricted\" src=\"https:\/\/awl.nl\/de\/nachricht\/e-mobilitat-die-herausforderungen-beim-fuegen-von-batterierahmen\/embed\/#?secret=Ld4UbGzSDN\" width=\"600\" height=\"338\" title=\"&#8222;E-Mobilit\u00e4t &#8211; Die Herausforderungen beim F\u00fcgen von Batterierahmen&#8220; &#8211; AWL\" data-secret=\"Ld4UbGzSDN\" frameborder=\"0\" marginwidth=\"0\" marginheight=\"0\" scrolling=\"no\" class=\"wp-embedded-content\"><\/iframe><script type=\"text\/javascript\">\n\/* <![CDATA[ *\/\n\/*! This file is auto-generated *\/\n!function(d,l){\"use strict\";l.querySelector&&d.addEventListener&&\"undefined\"!=typeof URL&&(d.wp=d.wp||{},d.wp.receiveEmbedMessage||(d.wp.receiveEmbedMessage=function(e){var t=e.data;if((t||t.secret||t.message||t.value)&&!\/[^a-zA-Z0-9]\/.test(t.secret)){for(var s,r,n,a=l.querySelectorAll('iframe[data-secret=\"'+t.secret+'\"]'),o=l.querySelectorAll('blockquote[data-secret=\"'+t.secret+'\"]'),c=new RegExp(\"^https?:$\",\"i\"),i=0;i<o.length;i++)o[i].style.display=\"none\";for(i=0;i<a.length;i++)s=a[i],e.source===s.contentWindow&&(s.removeAttribute(\"style\"),\"height\"===t.message?(1e3<(r=parseInt(t.value,10))?r=1e3:~~r<200&&(r=200),s.height=r):\"link\"===t.message&&(r=new URL(s.getAttribute(\"src\")),n=new URL(t.value),c.test(n.protocol))&&n.host===r.host&&l.activeElement===s&&(d.top.location.href=t.value))}},d.addEventListener(\"message\",d.wp.receiveEmbedMessage,!1),l.addEventListener(\"DOMContentLoaded\",function(){for(var e,t,s=l.querySelectorAll(\"iframe.wp-embedded-content\"),r=0;r<s.length;r++)(t=(e=s[r]).getAttribute(\"data-secret\"))||(t=Math.random().toString(36).substring(2,12),e.src+=\"#?secret=\"+t,e.setAttribute(\"data-secret\",t)),e.contentWindow.postMessage({message:\"ready\",secret:t},\"*\")},!1)))}(window,document);\n\/\/# sourceURL=https:\/\/awl.nl\/wp-includes\/js\/wp-embed.min.js\n\/* ]]> *\/\n<\/script>\n","thumbnail_url":"https:\/\/awl.nl\/wp-content\/uploads\/2020\/03\/header-e-mobility.jpg","thumbnail_width":1800,"thumbnail_height":977,"description":"Wir haben die Pflicht, uns um die Welt zu k\u00fcmmern, in der wir leben. Das liegt nicht nur in unserem eigenen Interesse, sondern auch im Interesse zuk\u00fcnftiger Generationen. Wenn wir die Welt, wie wir sie kennen, erhalten wollen, m\u00fcssen wir unsere Lebensweise \u00e4ndern. Dieses Bewusstsein hat nicht nur bei den Verbrauchern Einzug gehalten, auch Politik [&hellip;]"}

E-Mobilität - Die Herausforderungen beim Fügen von Batterierahmen - AWL

<blockquote class="wp-embedded-content" data-secret="Ld4UbGzSDN"><a href="https://awl.nl/de/nachricht/e-mobilitat-die-herausforderungen-beim-fuegen-von-batterierahmen/">E-Mobilität &#8211; Die Herausforderungen beim Fügen von Batterierahmen</a></blockquote><iframe sandbox="allow-scripts" security="restricted" src="https://awl.nl/de/nachricht/e-mobilitat-die-herausforderungen-beim-fuegen-von-batterierahmen/embed/#?secret=Ld4UbGzSDN" width="600" height="338" title="&#8222;E-Mobilität &#8211; Die Herausforderungen beim Fügen von Batterierahmen&#8220; &#8211; AWL" data-secret="Ld4UbGzSDN" frameborder="0" marginwidth="0" marginheight="0" scrolling="no" class="wp-embedded-content"></iframe><script type="text/javascript">
/* <![CDATA[ */
/*! This file is auto-generated */
!function(d,l){"use strict";l.querySelector&&d.addEventListener&&"undefined"!=typeof URL&&(d.wp=d.wp||{},d.wp.receiveEmbedMessage||(d.wp.receiveEmbedMessage=function(e){var t=e.data;if((t||t.secret||t.message||t.value)&&!/[^a-zA-Z0-9]/.test(t.secret)){for(var s,r,n,a=l.querySelectorAll('iframe[data-secret="'+t.secret+'"]'),o=l.querySelectorAll('blockquote[data-secret="'+t.secret+'"]'),c=new RegExp("^https?:$","i"),i=0;i<o.length;i++)o[i].style.display="none";for(i=0;i<a.length;i++)s=a[i],e.source===s.contentWindow&&(s.removeAttribute("style"),"height"===t.message?(1e3<(r=parseInt(t.value,10))?r=1e3:~~r<200&&(r=200),s.height=r):"link"===t.message&&(r=new URL(s.getAttribute("src")),n=new URL(t.value),c.test(n.protocol))&&n.host===r.host&&l.activeElement===s&&(d.top.location.href=t.value))}},d.addEventListener("message",d.wp.receiveEmbedMessage,!1),l.addEventListener("DOMContentLoaded",function(){for(var e,t,s=l.querySelectorAll("iframe.wp-embedded-content"),r=0;r<s.length;r++)(t=(e=s[r]).getAttribute("data-secret"))||(t=Math.random().toString(36).substring(2,12),e.src+="#?secret="+t,e.setAttribute("data-secret",t)),e.contentWindow.postMessage({message:"ready",secret:t},"*")},!1)))}(window,document);
//# sourceURL=https://awl.nl/wp-includes/js/wp-embed.min.js
/* ]]> */
</script>

Wir haben die Pflicht, uns um die Welt zu kümmern, in der wir leben. Das liegt nicht nur in unserem eigenen Interesse, sondern auch im Interesse zukünftiger Generationen. Wenn wir die Welt, wie wir sie kennen, erhalten wollen, müssen wir unsere Lebensweise ändern. Dieses Bewusstsein hat nicht nur bei den Verbrauchern Einzug gehalten, auch Politik [&hellip;]
